{"id":19,"date":"2016-05-26T13:53:03","date_gmt":"2016-05-26T12:53:03","guid":{"rendered":"http:\/\/bclean-services.fr\/?page_id=19"},"modified":"2018-06-05T12:18:03","modified_gmt":"2018-06-05T11:18:03","slug":"nettoyage","status":"publish","type":"page","link":"http:\/\/www.bclean-services.fr\/index.php\/nettoyage\/","title":{"rendered":"Nettoyage"},"content":{"rendered":"<h1>BCLEAN SERVICES<\/h1>\n<p>vous pr\u00e9sente un large panel de prestations pour vos besoins en <strong>nettoyage<\/strong>\u00a0et <strong>entretien<\/strong> de locaux professionnels, bureaux, locaux commerciaux et toute autre surface de travail. Nos \u00e9quipes de professionnels du nettoyage qualifi\u00e9s et exp\u00e9riment\u00e9s interviennent en r\u00e9gion parisienne.<\/p>\n<p>&nbsp;<\/p>\n<h2>Nettoyage alimentaire<\/h2>\n<p>Sp\u00e9cialis\u00e9e dans l&rsquo;agro-alimentaire, notre entreprise est r\u00e9f\u00e9renc\u00e9e chez Mac Donalds.\u00a0Nos \u00e9quipes ont sp\u00e9cialement \u00e9t\u00e9 form\u00e9es au <strong>nettoyage alimentaire<\/strong>, qui est une t\u00e2che tr\u00e8s sp\u00e9cifique \u00e9tant donn\u00e9 les normes d&rsquo;hygi\u00e8ne, de s\u00e9curit\u00e9, etc.<\/p>\n<h2>Nettoyage industriel<\/h2>\n<p>L&rsquo;entreprise de <strong>nettoyage industriel<\/strong> <strong>BCLEAN SERVICES<\/strong> intervient partout dans vos locaux professionnels et ex\u00e9cute \u00e0 votre demande tous types de travaux. Comprendre vos imp\u00e9ratifs de production et s&rsquo;adapter \u00e0 vos particularit\u00e9s de fabrication, voil\u00e0 ce qui fait notre force. Nous vous proposons alors de nombreuses solutions techniques ou organisationnelles.<\/p>\n<p>Notre exp\u00e9rience industrielle diversifi\u00e9e, qu&rsquo;elle soit en h\u00f4tellerie ou au sein d&rsquo;hypermarch\u00e9s et autres grandes surfaces commerciales, est un avantage. Nous mettons en oeuvre des r\u00e8gles d&rsquo;hygi\u00e8ne strictes et utilisons des protocoles de nettoyage rigoureux, afin de satisfaire au mieux nos clients.<\/p>\n<div id=\"Gallery-10\" class=\"highslide-gallery\">\n<div class=\"highslide-content\">\n<div class=\"highslideContainer\"><\/div>\n<\/div>\n<div><\/div>\n<\/div>\n<h2><\/h2>\n<h2>Nettoyage de vitres et vitrines<\/h2>\n<p>Travaux acc\u00e8s difficile &#8211; alpiniste<\/p>\n<p>L&rsquo;efficacit\u00e9 professionnelle : <strong>BCLEAN SERVICES<\/strong> intervient aussi bien sur le nettoyage de vitrerie de plain-pied que sur le <strong>nettoyage de vitres<\/strong> \u00e0 acc\u00e8s difficile, soit au moyen de technique de l&rsquo;alpiniste, soit au moyen de camions nacelles. \u00ab\u00a0Laveur de carreaux\u00a0\u00bb est un v\u00e9ritable m\u00e9tier qui n\u00e9cessite pr\u00e9cision, rapidit\u00e9 et efficacit\u00e9. En la mati\u00e8re, nos \u00e9quipes de nettoyage sont les meilleures !<\/p>\n<div id=\"Gallery-14\" class=\"highslide-gallery\">\n<div class=\"highslide-content\">\n<div class=\"highslideContainer\"><\/div>\n<div class=\"highslideContainer\"><\/div>\n<\/div>\n<\/div>\n<h2><\/h2>\n<h2>Nettoyage de parkings<\/h2>\n<p>Les poussi\u00e8res des parkings sont dangereuses pour la sant\u00e9 ; c&rsquo;est pourquoi il est primordial de faire nettoyer votre parking au moins 2 fois par an, par le nettoyage des sols, des traces des pneus, des n\u00e9ons et \u00e9clairages, les portes d&rsquo;acc\u00e8s&#8230; Nos \u00e9quipes ont le talent de garantir avec efficacit\u00e9 une propret\u00e9 quasi permanente \u00e0 votre parking.<\/p>\n<div id=\"Gallery-18\" class=\"highslide-gallery\">\n<div class=\"highslide-content\">\n<div><\/div>\n<div><\/div>\n<\/div>\n<div><\/div>\n<\/div>\n<h2><\/h2>\n<h2>Nettoyage de tapis et moquettes<\/h2>\n<p>Le nettoyage d&rsquo;une moquette se fait par l&rsquo;injection d&rsquo;une solution lessivielle, puis par le brossage \u00e0 l&rsquo;aide d&rsquo;une mono-brosse ainsi que par l&rsquo;extraction des eaux us\u00e9es \u00e0 l&rsquo;aide d&rsquo;un aspirateur \u00e0 eau. C&rsquo;est ainsi que nous traitons vos tapis et moquettes, pour un r\u00e9sultat de propret\u00e9 incomparable, des couleurs raviv\u00e9es, des t\u00e2ches enlev\u00e9es.<\/p>\n<div id=\"Gallery-26\" class=\"highslide-gallery\">\n<div class=\"highslide-content\">\n<div><\/div>\n<div><\/div>\n<div><\/div>\n<\/div>\n<\/div>\n<h2><\/h2>\n<h2>Traitement de la pierre<\/h2>\n<p>L&rsquo;<strong>entreprise de nettoyage<\/strong> <strong>BCLEAN SERVICES<\/strong> vous propose aussi bien la r\u00e9novation de sol d\u00e9grad\u00e9, terni ou tach\u00e9, que l&rsquo;entretien de sol neuf ou en bon \u00e9tat.<\/p>\n<p>Pour un traitement efficace et un r\u00e9sultat de qualit\u00e9, <strong>BCLEAN SERVICES<\/strong> r\u00e9alise les travaux suivants :<\/p>\n<ul>\n<li>\u00c9limination des taches et salissures<\/li>\n<li>Nettoyage et polissage des marbres<\/li>\n<li>Rebouchage, collage et reconstitution des marbres et des pierres<\/li>\n<li>Imperm\u00e9abilisation des marbres (prot\u00e8ge des t\u00e2ches d&rsquo;huile, de graisse, d&rsquo;eau&#8230;)<\/li>\n<\/ul>\n<div id=\"Gallery-30\" class=\"highslide-gallery\">\n<div class=\"highslide-content\">\n<div class=\"highslideContainer\"><\/div>\n<\/div>\n<div><\/div>\n<\/div>\n","protected":false},"excerpt":{"rendered":"<p>BCLEAN SERVICES vous pr\u00e9sente un large panel de prestations pour vos besoins en nettoyage\u00a0et entretien de locaux professionnels, bureaux, locaux commerciaux et toute autre surface de travail. Nos \u00e9quipes de professionnels du nettoyage qualifi\u00e9s et exp\u00e9riment\u00e9s interviennent en r\u00e9gion parisienne. &nbsp; Nettoyage alimentaire Sp\u00e9cialis\u00e9e dans l&rsquo;agro-alimentaire, notre entreprise est r\u00e9f\u00e9renc\u00e9e chez Mac Donalds.\u00a0Nos \u00e9quipes ont sp\u00e9cialement \u00e9t\u00e9 form\u00e9es au nettoyage alimentaire, qui est une t\u00e2che tr\u00e8s sp\u00e9cifique \u00e9tant donn\u00e9 les normes d&rsquo;hygi\u00e8ne, de s\u00e9curit\u00e9, etc. Nettoyage industriel L&rsquo;entreprise de nettoyage industriel BCLEAN SERVICES intervient partout dans vos locaux professionnels et ex\u00e9cute \u00e0 votre demande tous types de travaux. Comprendre vos imp\u00e9ratifs de production et s&rsquo;adapter \u00e0 vos particularit\u00e9s de fabrication, voil\u00e0 ce qui fait notre force. Nous vous proposons alors de nombreuses solutions techniques ou organisationnelles. Notre exp\u00e9rience industrielle diversifi\u00e9e, qu&rsquo;elle soit en h\u00f4tellerie ou au sein d&rsquo;hypermarch\u00e9s et autres grandes surfaces commerciales, est un avantage. Nous mettons en oeuvre des r\u00e8gles d&rsquo;hygi\u00e8ne strictes et utilisons des protocoles de nettoyage rigoureux, afin de satisfaire au mieux nos clients. Nettoyage de vitres et vitrines Travaux acc\u00e8s difficile &#8211; alpiniste L&rsquo;efficacit\u00e9 professionnelle : BCLEAN SERVICES intervient aussi bien sur le nettoyage de vitrerie de plain-pied que sur le nettoyage de vitres \u00e0 acc\u00e8s difficile, soit au moyen de technique de l&rsquo;alpiniste, soit [&hellip;]<\/p>\n","protected":false},"author":1,"featured_media":0,"parent":0,"menu_order":0,"comment_status":"closed","ping_status":"closed","template":"","meta":[],"_links":{"self":[{"href":"http:\/\/www.bclean-services.fr\/index.php\/wp-json\/wp\/v2\/pages\/19"}],"collection":[{"href":"http:\/\/www.bclean-services.fr\/index.php\/wp-json\/wp\/v2\/pages"}],"about":[{"href":"http:\/\/www.bclean-services.fr\/index.php\/wp-json\/wp\/v2\/types\/page"}],"author":[{"embeddable":true,"href":"http:\/\/www.bclean-services.fr\/index.php\/wp-json\/wp\/v2\/users\/1"}],"replies":[{"embeddable":true,"href":"http:\/\/www.bclean-services.fr\/index.php\/wp-json\/wp\/v2\/comments?post=19"}],"version-history":[{"count":16,"href":"http:\/\/www.bclean-services.fr\/index.php\/wp-json\/wp\/v2\/pages\/19\/revisions"}],"predecessor-version":[{"id":95,"href":"http:\/\/www.bclean-services.fr\/index.php\/wp-json\/wp\/v2\/pages\/19\/revisions\/95"}],"wp:attachment":[{"href":"http:\/\/www.bclean-services.fr\/index.php\/wp-json\/wp\/v2\/media?parent=19"}],"curies":[{"name":"wp","href":"https:\/\/api.w.org\/{rel}","templated":true}]}}